s digit of 8513?
1
What is the tens digit of 55?
5
What is the thousands digit of 13179?
3
What is the ten thousands digit of 84096?
8
What is the hundreds digit of 1358?
3
What is the thousands digit of 13608?
3
What is the units digit of 39410?
0
What is the units digit of 33595?
5
What is the units digit of 954?
4
What is the units digit of 150?
0
What is the hundreds digit of 17113?
1
What is the thousands digit of 23688?
3
What is the thousands digit of 6238?
6
What is the tens digit of 1141?
4
What is the units digit of 1402?
2
What is the units digit of 321?
1
What is the ten thousands digit of 12630?
1
What is the thousands digit of 16714?
6
What is the units digit of 15?
5
What is the thousands digit of 2211?
2
What is the thousands digit of 4255?
4
What is the tens digit of 27?
2
What is the thousands digit of 16508?
6
What is the hundreds digit of 346?
3
What is the units digit of 31758?
8
What is the tens digit of 9346?
4
What is the ten thousands digit of 13563?
1
What is the hundreds digit of 4513?
5
What is the tens digit of 63294?
9
What is the hundreds digit of 23494?
4
What is the hundreds digit of 238?
2
What is the hundreds digit of 5344?
3
What is the tens digit of 83030?
3
What is the hundreds digit of 1033?
0
What is the units digit of 13901?
1
What is the hundreds digit of 23878?
8
What is the tens digit of 17358?
5
What is the thousands digit of 22676?
2
What is the units digit of 59710?
0
What is the hundreds digit of 3307?
3
What is the thousands digit of 1907?
1
What is the thousands digit of 64426?
4
What is the hundreds digit of 3155?
1
What is the hundreds digit of 78647?
6
What is the tens digit of 30076?
7
What is the thousands digit of 4477?
4
What is the ten thousands digit of 10530?
1
What is the thousands digit of 5485?
5
What is the thousands digit of 4931?
4
What is the units digit of 4186?
6
What is the units digit of 228?
8
What is the tens digit of 1315?
1
What is the ten thousands digit of 17892?
1
What is the tens digit of 9452?
5
What is the thousands digit of 49819?
9
What is the thousands digit of 59878?
9
What is the thousands digit of 20763?
0
What is the hundreds digit of 2664?
6
What is the thousands digit of 80168?
0
What is the tens digit of 6069?
6
What is the units digit of 265?
5
What is the hundreds digit of 1542?
5
What is the units digit of 48515?
5
What is the hundreds digit of 1054?
0
What is the hundreds digit of 5351?
3
What is the thousands digit of 4830?
4
What is the hundreds digit of 1965?
9
What is the tens digit of 887?
8
What is the units digit of 10741?
1
What is the ten thousands digit of 10425?
1
What is the units digit of 2649?
9
What is the thousands digit of 1694?
1
What is the ten thousands digit of 11618?
1
What is the thousands digit of 4114?
4
What is the tens digit of 757?
5
What is the units digit of 10542?
2
What is the hundreds digit of 41364?
3
What is the tens digit of 1545?
4
What is the hundreds digit of 20889?
8
What is the units digit of 400?
0
What is the units digit of 446?
6
What is the units digit of 2553?
3
What is the hundred thousands digit of 136829?
1
What is the thousands digit of 23850?
3
What is the units digit of 133?
3
What is the hundreds digit of 38162?
1
What is the tens digit of 15790?
9
What is the ten thousands digit of 93909?
9
What is the thousands digit of 15080?
5
What is the tens digit of 54594?
9
What is the hundreds digit of 595?
5
What is the thousands digit of 1705?
1
What is the tens digit of 222?
2
What is the units digit of 3526?
6
What is the tens digit of 22457?
5
What is the thousands digit of 72766?
2
What is the thousands digit of 3470?
3
What is the hundreds digit of 9917?
9
What is the ten thousands digit of 15123?
1
What is the units digit of 15140?
0
What is the tens digit of 904?
0
What is the thousands digit of 7874?
7
What is the tens digit of 2417?
1
What is the tens digit of 9555?
5
What is the units digit of 691?
1
What is the tens digit of 149319?
1
What is the units digit of 30279?
9
What is the hundreds digit of 1390?
3
What is the tens digit of 994?
9
What is the units digit of 22663?
3
What is the thousands digit of 4253?
4
What is the tens digit of 3597?
9
What is the hundreds digit of 1411?
4
What is the tens digit of 28911?
1
What is the hundreds digit of 72445?
4
What is the hundreds digit of 20135?
1
What is the hundreds digit of 1221?
2
What is the thousands digit of 41093?
1
What is the hundreds digit of 31495?
4
What is the thousands digit of 2371?
2
What is the units digit of 41851?
1
What is the tens digit of 8433?
3
What is the thousands digit of 1346?
1
What is the thousands digit of 9640?
9
What is the hundreds digit of 26427?
4
What is the units digit of 11222?
2
What is the thousands digit of 1712?
1
What is the hundreds digit of 1037?
0
What is the hundreds digit of 8431?
4
What is the hundreds digit of 101466?
4
What is the hundreds digit of 7178?
1
What is the units digit of 11694?
4
What is the hundreds digit of 5019?
0
What is the hundreds digit of 2901?
9
What is the tens digit of 77935?
3
What is the units digit of 561?
1
What is the units digit of 66024?
4
What is the thousands digit of 13913?
3
What is the hundreds digit of 1695?
6
What is the tens digit of 846?
4
What is the tens digit of 16477?
7
What is the tens digit of 591?
9
What is the units digit of 255?
5
What is the units digit of 3665?
5
What is the units digit of 132642?
2
What is the ten thousands digit of 13031?
1
What is the ten thousands digit of 18310?
1
What is the tens digit of 158617?
1
What is the tens digit of 33557?
5
What is the hundreds digit of 697?
6
What is the units digit of 4988?
8
What is the units digit of 64306?
6
What is the hundreds digit of 25543?
5
What is the units digit of 4637?
7
What is the tens digit of 13259?
5
What is the tens digit of 31670?
7
What is the thousands digit of 13667?
3
What is the hundreds digit of 12475?
4
What is the thousands digit of 23874?
3
What is the ten thousands digit of 31530?
3
What is the thousands digit of 1193?
1
What is the units digit of 58?
8
What is the tens digit of 1854?
5
What is the tens digit of 2315?
1
What is the thousands digit of 1682?
1
What is the tens digit of 1116?
1
What is the thousands digit of 7049?
7
What is the hundreds digit of 12584?
5
What is the units digit of 11966?
6
What is the tens digit of 1047?
4
What is the tens digit of 11191?
9
What is the tens digit of 5884?
8
What is the units digit of 5066?
6
What is the thousands digit of 6632?
6
What is the hundreds digit of 1051?
0
What is the tens digit of 114638?
3
What is the hundreds digit of 34569?
5
What is the units digit of 848?
8
What is the thousands digit of 1688?
1
What is the hundreds digit of 2251?
2
What is the tens digit of 20464?
6
What is the hundreds digit of 851?
8
What is the tens digit of 441?
4
What is the ten thousands digit of 13653?
1
What is the units digit of 3595?
5
What is the units digit of 1042?
2
What is the units digit of 595?
5
What is the ten thousands digit of 17944?
1
What is the tens digit of 78573?
7
What is the tens digit of 2204?
0
What is the tens digit of 51759?
5
What is the thousands digit of 28243?
8
What is the hundreds digit of 4021?
0
What is the thousands digit of 8847?
8
What is the units digit of 2008?
8
What is the units digit of 1293?
3
What is the units digit of 85205?
5
What is the hundreds digit of 134?
1
What is the units digit of 9834?
4
What is the hundreds digit of 1613?
6
What is the hundreds digit of 1046?
0
What is the units digit of 518?
8
What is the tens digit of 2700?
0
What is the hundreds digit of 622?
6
What is the hundreds digit of 1070?
0
What is the hundreds digit of 4036?
0
What is the hundreds digit of 921?
9
What is the units digit of 853?
3
What is the ten thousands digit of 31323?
3
What is the hundreds digit of 45067?
0
What is the thousands digit of 97775?
7
What is the thousands digit of 3224?
3
What is the tens digit of 3349?
4
What is the tens digit of 1087?
8
What is the hundreds digit of 3421?
4
What is the hundreds digit of 18396?
3
What is the units digit of 6647?
7
What is the hundreds digit of 48010?
0
What is the ten thousands digit of 23090?
2
What is the thousands digit of 2171?
2
What 